) + 4*w(v). Is k(-11) composite?
False
Is -56 + 46 - (-6550 - -1) prime?
False
Is (-2092398)/(-46) - 40/(-460) a composite number?
True
Suppose -45*k = -49*k + 400. Suppose k*z - 99*z = 6599. Is z prime?
True
Suppose -9*f = -30634 + 2437. Is f a composite number?
True
Let b(f) = -f**3 - f**2 - f + 9. Let x be b(0). Suppose 8*h = 5*h + x. Suppose -2*w + 575 = h*w. Is w prime?
False
Suppose -4*y = -4*c - 1980, -5*c - 4*y = -3*c + 972. Let d = 31 - c. Let x = d - 170. Is x a prime number?
True
Suppose 0*j - 4*c = -j - 13, -5*j - 8 = -c. Let d = 3 + j. Is (d/(-4))/((-7)/126) a prime number?
False
Suppose 0 = -5*d + 2*c + 26, 15 - 39 = -3*d + 4*c. Is 233/(d - 7 - -4) composite?
False
Let r = -1 + 28. Let z = 58 - r. Is z a composite number?
False
Let w(a) be the first derivative of a**2 - 5*a - 6. Is w(7) a prime number?
False
Let h be 255/135 + 2/18. Suppose a + 2*c + 1 + 2 = 0, -h*c - 6 = -2*a. Is (a/(-2))/(8/(-10384)) prime?
False
Is 3*-2 + -24 + 17692 a prime number?
False
Let x(w) = w**3 + 17*w**2 - 8*w - 14. Let j be x(-18). Let q = j - -468. Is q composite?
True
Let k be (-13 + -1)*(28/(-8) + -1). Let v = k - 40. Is v composite?
False
Is -5 + (-11 + 7 - -5270) composite?
False
Let b(k) = 18*k**3 - 9*k**2 + 4*k + 32. Is b(5) composite?
True
Suppose 2*d + 3 + 4 = 5*w, -5*w + 8 = -3*d. Let g be w - 28 - (-51)/17. Is (157/(-6))/(4/g) composite?
False
Suppose 3*k - 4*i - 9 = 0, 0*k + i = -k + 3. Let y = -15 + 74. Suppose 5*j - 67 = -0*m - k*m, j - y = -3*m. Is m a prime number?
True
Let c(g) = 19*g**2 + 35*g**3 - 7 - 14*g**2 - 8*g**2. Is c(3) composite?
False
Suppose -2*z + 7*z - 5*b - 1620 = 0, 658 = 2*z + 3*b. Suppose 9*y - 11*y + z = 0. Is y composite?
False
Let k(h) = -3*h - 24. Let m be k(-16). Let n be 1/((-76)/m + 3). Is ((-668)/n)/((-2)/(-3)) prime?
True
Let r be 1/(((-28)/40)/(-7)). Suppose 0 = -r*f + 13*f + 6. Is ((-15)/9)/(f/222) a prime number?
False
Suppose p + 2 = 2*l, -l + 3*p = -3*l + 2. Suppose -f - r - l = 0, -r + 1 = 2. Suppose f = -d - 0*d + 746. Is d a composite number?
True
Let q = 200 + -198. Let y be (-18)/(-4) + 1/(-2). Suppose 6 = -q*n, 0*z - 2*z - y*n = -922. Is z a composite number?
False
Let i(c) = -61*c - 4. Let x(d) = d**2 - 7. Let a be x(-4). Suppose -6 = a*h - 7*h. Is i(h) composite?
False
Suppose 0 = -4*i - 15 + 7, -i - 6286 = -4*y. Is y prime?
True
Suppose 60502 = 24*z - 362450. Is z a prime number?
True
Let p(m) = -313 + m**2 + 746 + 2*m + 578 + 388. Is p(0) a prime number?
True
Let v = -6743 - -17566. Is v a prime number?
False
Is (-496)/(-2480) + (135228/(-5))/(-2) composite?
False
Let r be (-2)/(-20)*-4*-5. Suppose -151 = -3*b + 2*d, 0 = b - d + 4*d - 54. Suppose r*u - 3*s = 2*s + b, -39 = -u - 2*s. Is u composite?
True
Let u be -1*4/(-4) + 14. Let h be (-2 - u/9)*-3. Let p = h + 20. Is p a composite number?
False
Let k = 53 + -130. Let q = -40 - k. Is q a composite number?
False
Let n(s) = -s**2 - 12*s - 15. Let f be n(-10). Suppose 2*k - f = 3*i - 2, k - 2*i = 2. Suppose 177 = 3*y - k*y + 4*p, -3*p = -4*y + 211. Is y prime?
False
Let j be 2/13 + 282/26. Suppose -2*s + j*s = 11169. Is s prime?
False
Suppose -4*j + 10 = w, -3*j = -0 - 6. Suppose 0*o - 4*c - 110 = -3*o, w*o - 88 = -c. Let r = 93 - o. Is r composite?
True
Let h(p) = 157*p**3 + 326*p**3 + 2*p - 2*p**2 + 26*p**3. Is h(1) prime?
True
Let s = 12878 + -5907. Is s a prime number?
True
Let a be (14/4)/(1/2). Let g(l) = 82*l - 7. Let t be g(a). Suppose 0 = 4*b + 5*i - t, 2*i + 141 = b + 4*i. Is b composite?
True
Suppose 3 = -5*c + 28. Let m be 7028/16 + c/(-20). Suppose -2*v + 1797 = m. Is v a composite number?
True
Is 4/6*(-99)/(-18)*201 a composite number?
True
Let y(a) = 16*a + 19. Let s(x) = 5*x + 6. Let z(f) = -7*s(f) + 2*y(f). Is z(-9) composite?
False
Suppose 2199 = -3*j + 4*b + 18106, -5*b = -10. Is j composite?
True
Suppose -27 + 147 = -3*o. Is (-420)/o*94/3 a prime number?
False
Let p(x) = x**3 + 7*x**2 - 2*x + 13. Let h be 3/15*-2*-15. Is p(h) prime?
False
Let r(s) = 805*s + 263. Is r(12) prime?
True
Suppose -64*s + 24 = -60*s. Is 6/(-9)*(-17541)/s a prime number?
True
Suppose 4*w + 4*f - 272 = 0, -f = -8*w + 4*w + 272. Let i = -57 + w. Is i a composite number?
False
Let a = 11403 - -17348. Is a composite?
False
Is ((-1072)/88 - -12) + 97935/11 prime?
False
Let v be (2 + (-14592)/(-10))/((-1)/(-5)). Suppose 7*p - v = -2469. Is p composite?
False
Suppose 220*w - 475433 = 213*w. Is w composite?
True
Suppose g + 5*f = 6341 + 1956, -3*g + 4*f + 24853 = 0. Is g a composite number?
False
Let q be (-2)/(-7) - 52/(-14). Let x be -2*(-2 + -4 + 5) - 0. Suppose 0 = x*v - q*v + 154. Is v a prime number?
False
Let b be (5/2)/((-8)/6928). Let m = b - -839. Is 3/18 + m/(-36) a composite number?
False
Let m = 115 - 120. Is (-1 - m)/(-2) + (-441)/(-3) prime?
False
Suppose 3*k + 2*k - 1285 = 0. Let t = k - 168. Is t prime?
True
Suppose 4*t + 24 = 68. Suppose b - 372 = -t*b. Is b a composite number?
False
Let r be -1 + (-10646)/(-8) - (-12)/(-16). Let v = 2710 - r. Is v composite?
False
Suppose 2*b - 24 = 3*x, -3*b = -3*x - 0*x - 24. Let v = x + 8. Let w = 7 - v. Is w composite?
False
Suppose -4*h + 29112 = -4*c, 2 = 4*c + 22. Is h a composite number?
True
Let j = 22 - 19. Suppose -2*v + 1865 = j*v. Is v composite?
False
Let h(d) = -932*d - 237. Is h(-4) a composite number?
False
Suppose 79*v - 1245002 + 263743 = 0. Is v a prime number?
True
Suppose 0 = 85*y - 86*y + 18035. Is y a prime number?
False
Let d(s) = -s**3 + 8*s**2 + 4*s - 27. Let o be d(8). Suppose 0 = -o*a - 5*l + 2*l + 598, 3*a = -l + 358. Is a a prime number?
False
Let z(s) = 2*s**3 - 10*s**2 - 9*s - 11. Let i be z(6). Suppose 1198 = i*q + 351. Is q composite?
True
Suppose -5*z = -16*z + 18227. Is z a composite number?
False
Let q(u) = -2*u - 8. Let b be q(-5). Suppose 4*p - 4 = -4*i, 2*p + b*p = 2*i - 14. Suppose -z - 451 = -3*w, i*z = -2*w + 226 + 60. Is w a prime number?
True
Let t = -166 + 7389. Is t a composite number?
True
Let s(c) = 31*c + 10. Let u(z) be the first derivative of z**2/2 - z - 12. Let v(l) = -s(l) - 4*u(l). Is v(-4) prime?
False
Suppose -2*z + 1639 = -z. Is z a composite number?
True
Let z = 91 + -220. Let x = 1359 - 1265. Let d = x - z. Is d a prime number?
True
Let t = -69036 - -136487. Is t a prime number?
False
Suppose -q + 5*q = -3*w + 192, 5*q - 4*w = 271. Let g = -16 + q. Suppose 0 = -2*l + p - 0*p + g, 73 = 4*l - p. Is l a prime number?
True
Let d = 7869 + -4036. Is d prime?
True
Suppose -b = -4*p - 1189, 5*b + 5*p - 1763 = 4132. Is b composite?
False
Suppose 0 = 2*v + 5*g - 30044, 5*v + 5*g = 6*g + 75083. Is v a prime number?
True
Let n be 1/(3/81*3). Let y = n - 6. Suppose 0 = y*u + 3*b - 162, 2 = -b + 1. Is u prime?
False
Let w be (-2)/4*(-3 - -1). Let j be 2 + w + -1 + 0. Let v = 21 - j. Is v composite?
False
Let j = -29 - -32. Suppose 2*m = -4*h + 1414, -j*m - h = -7*m + 2828. Is m composite?
True
Is ((-32)/96)/((-1)/9111) a prime number?
True
Let b be (324/8 - 7)/(1/34). Suppose 0 = t - 2*t + b. Is t a composite number?
True
Let t = -2 + 14. Let a be (-4756)/14 + t/(-42). Let g = a + 485. Is g prime?
False
Let j = -26 + 28. Suppose 2293 = j*h + 3*d, 0 = -h + 2*d - 3*d + 1144. Is h composite?
True
Let p(w) = 19*w**2 + 20*w - 18. Is p(-37) a prime number?
True
Let b be (10/(1 - -1))/1. Suppose 2*l = 4*j + 18, b*j - j = 5*l - 33. Suppose 318 = -3*v + l*v. Is v composite?
True
Suppose -2*q + 4*j = -3*q - 20, -20 = 2*q + 4*j. Suppose q = 4*f - 8044 - 1696. Is f prime?
False
Suppose o + 78 = 2*o. Let d = o + -211. Let q = d + 260. Is q a composite number?
False
Suppose 3*z = -19*z + 9922. Is z composite?
True
Let i(y) = -2*y**3 - 2*y**2 - 17*y - 4. Is i(-7) a composite number?
True
Suppose 4*c + 38 = 2*i, -5*i + 4*c - 27 + 92 = 0. Let q be (i/6)/(3/4). Suppose 9 = -q*z + 83. Is z composite?
False
Suppose -u - 5*p = -958, -2*u + 418 + 1498 = -p. Suppose -20*m = -18*m - u. Is m a composite number?
False
Let u be 12/(-21)*(-35)/5. Suppose -5*l = -q - 2781 - 1599, -l + 3*q + 862 = 0. Is l*(u + -2)/2 a prime number?
True
Suppose -2*w = z + 2*z - 17, 7 = z + w. Let t = z - 1. Suppose -5*b - t*d + 2335 = 0, -b + 2*b - 4*d = 489. Is b prime?
False
Let h = 7 - 9. Let r be -1*0/(h/(-2)). Suppose w = -5*g + 116, w = -r*w - 2*g + 101. Is w prime?
False
Suppose 0 = -4*f + 